ve of p**4/6 - p**2/2 + 17*p. What is i(c)?
1
Let v(w) = -w - 3. Let h(i) = 3*i + 11. Let x(a) = 3*h(a) + 8*v(a). Calculate x(11).
20
Let f(o) = 182*o - 1 - 3 + 4 - 185*o. Determine f(5).
-15
Suppose 160 = 15*z - 5*z. Suppose -8*o - z - 40 = 0. Let s(q) = -q**3 - 6*q**2 + 8*q + 3. Give s(o).
-4
Let w(a) = -3*a + 4. Let p be 1/(((-2)/(-8))/1). Let b(j) = -j**3 + 3*j**2 + 4*j + 4. Let n be b(p). Determine w(n).
-8
Let x(v) = -11*v**2 + 2*v + 1. Let b be 1/(-1)*(4 + -1 - 2). Give x(b).
-12
Let n(x) = x**3 - 5*x**2 - 8*x + 7. Suppose -50 - 6 = -4*s. Suppose 0 = -3*y + s + 16. Let k be y - (-5)/(15/(-12)). What is n(k)?
-5
Let b(r) be the first derivative of r**2 - 7*r - 9 - 7/3*r**3 + 1/4*r**4. Give b(7).
7
Let b(d) = -d**2 - 4*d + 1. Suppose -5*s = -9*s + 5*r - 64, 2*s = -2*r - 14. Let y be (-62)/(-9) + 40/360. Let j = y + s. Determine b(j).
1
Let d be 2/(-3) + (-4)/12. Let p(q) be the second derivative of 3*q**5/20 - q**4/6 - q**3/6 - 45*q. What is p(d)?
-4
Let n(o) be the second derivative of 9*o**5/20 + o**3/6 - o**2/2 - o. Let s = 108 - 194. Let w = s + 87. Give n(w).
9
Let w(a) be the third derivative of -a**4/12 - 2*a**3 - a**2 - 385. Give w(0).
-12
Let x(z) = 8*z**2 + 2*z**3 + 19 + 3*z**2 + 12*z - z**3 - 3*z**2 - 15. Determine x(-5).
19
Suppose -5*n - 10 = -5*l, -3*l = 2*n + 12 - 38. Let x(t) = 2 + 10*t - 3 + 2 + 7*t**2 - l*t + t**3. Give x(-6).
13
Let f(b) = -b**3 - 4*b**2 + 6*b. Suppose -7*j + 2*g = -2*j + 1855, -3*g + 742 = -2*j. Let z be j/42 + (-2)/12. Let i be ((-3)/(z/(-30)))/2. What is f(i)?
-5
Let m(c) = -215 + 113 + c**3 + 3*c - c - 4*c**2 + 106. Suppose 2*n - 20 = -4*r - n, -2*n + 16 = 4*r. Let x be r - (0 - (0 - -1)). Calculate m(x).
1
Let t(s) = -2*s**2 - s - 2. Suppose -2*f + 5*i + 23 = 0, 0*f + 4*i = 5*f - 15. Calculate t(f).
-3
Let q(y) be the third derivative of -y**6/120 - y**5/15 + y**4/6 + 5*y**3/6 - 86*y**2. Give q(-5).
10
Let p(v) = v - 3. Let c be (-55)/(-11) - (1 + 2). Calculate p(c).
-1
Let p(z) be the third derivative of z**6/60 + z**5/20 - 45*z**2. Suppose -20 = 2*r - 6*r, 0 = u + r - 3. Calculate p(u).
-4
Let z(v) = -2*v**2 - 4*v - 3. Suppose 5*l + 2*x - 28 - 60 = 0, -3*l + 2*x = -40. Let g be l/(-6) - (-6)/9. Determine z(g).
-3
Suppose 14 = 6*t + 2. Let w(d) be the first derivative of 5 + d + d**t + 0*d**3 - 9/4*d**4. Determine w(-1).
8
Let x(h) be the first derivative of h**4/4 - h**2/2 + 10*h + 1. Let q = -23 - -73. Let g = 50 - q. Give x(g).
10
Let c(h) = 6*h + 2. Suppose -40 = -128*w + 124*w. Suppose -6*k - w*k = -48. Give c(k).
20
Let m(h) = -4 - 35 - 5*h + 0 - 9. Let n be m(-11). Let v(q) = -q**2 + 10*q - 9. Calculate v(n).
12
Let d(x) = x**2 + 11*x - 7. Suppose 147 = -6*a + 75. Determine d(a).
5
Suppose 1 = 3*b - 4*b. Let w(d) = -12*d. Let g(f) = f. Let h(m) = b*w(m) - 3*g(m). Calculate h(1).
9
Let j(z) be the second derivative of -z**3/3 - 9*z**2/2 + 3*z - 1. Determine j(-4).
-1
Suppose -2*i = -c + 3*i + 12, c = -i. Let y(t) = 1 - 2*t + 8*t**c - 8*t**2 + t**2 + 0*t - 5*t**3. What is y(1)?
-5
Suppose 0*k = -4*k + 12. Suppose 21 = -w - 5*x, -1 = -3*w + k*x + 8. Let v(g) = 2*g - 1. Let o(p) = -9*p + 2. Let f(d) = o(d) + 3*v(d). Give f(w).
2
Let m be -4 - 12/(-2) - (0 - 4). Let v be m*((-28)/24 + 2). Let w(p) = p + 1. Let n(o) = -o**3 + 5*o**2 - 4*o - 4. Let l(b) = n(b) + 4*w(b). What is l(v)?
0
Suppose -24 = 5*l - 8*l. Let t(v) = v**3 + v**2. Let g(b) = -3*b**3 + 5*b**2 + 9*b - 8. Let f(p) = g(p) + 2*t(p). Give f(l).
0
Suppose -s + 4 = l + 3*l, s = 4*l - 12. Let g(c) = -c**3 - 3*c**2 + 3*c + 3. Calculate g(s).
7
Let s(z) be the third derivative of -z**8/10080 + z**6/720 + 4*z**5/15 - 14*z**2. Let r(j) be the third derivative of s(j). Calculate r(-2).
-7
Let p(n) = 7*n**3 - 8*n**2 + 10*n - 2. Let b(g) = -9*g + 17*g**2 + 3 - 4*g**3 - 11*g**3 + 1 - 12*g. Let u(c) = 6*b(c) + 13*p(c). What is u(2)?
6
Let m(r) = -2*r + 3 + 4*r - 15*r + 11*r. Suppose -3*v = 41 + 4. Let h = -13 - v. What is m(h)?
-1
Let j(r) = r + 4. Let t(y) = 2*y + 9. Let m = 27 + -21. Let f(q) = m*t(q) - 13*j(q). Give f(3).
-1
Let b(c) = -5 - 4*c + 269*c**2 + 13 - 268*c**2 - 4*c. Let z be 7 + (-1)/1 - -2. What is b(z)?
8
Let q = 7 + -2. Let p be (-2 - 1)*((-22)/6 + 2). Let o(h) = -5*h + q*h - p*h**2 - 1. Determine o(1).
-6
Let x(b) = -2*b**2 + 6*b - 3. Suppose -44 = -3*t + 4. Suppose 71*r - 75*r = -t. Calculate x(r).
-11
Let c be (5/(-10))/(5/((-80)/1)). Let f(p) = p**3 - 8*p**2 - 2*p + 10. Calculate f(c).
-6
Let z = 3 + 1. Let w(v) = 3*v - 2*v + 5*v**2 + 3 - z*v - 2. Give w(2).
15
Suppose -210*x + 209*x - 1 = 0. Let o(g) = 6*g + 1. Determine o(x).
-5
Let w = -7 - -11. Let x(j) = -2 - w*j**2 - j**3 + 2*j**3 - 1 - 3*j - 3*j. Let r(f) = -6*f**3 - f**2 - f - 1. Let b be r(-1). Calculate x(b).
-8
Let w(x) be the third derivative of -x**5/30 - x**4/3 + x**3/3 + 2*x**2 - 152*x. Calculate w(-6).
-22
Let i(n) = -10 + 2*n - 9*n + 9*n**2 + 122*n**3 - 123*n**3. Give i(8).
-2
Let o be (-65)/39*(-4 - -1). Suppose n - 2 = -o*r, r - 12 = 4*r + 5*n. Let g(q) = q**3 - 2*q**2 + 2*q - 1. What is g(r)?
0
Let f(n) = n**3 + 8*n**2 + 13*n - 3. Let k be f(-2). Let t(x) = -2*x**2 - 10*x + 7. Give t(k).
7
Let x(s) = -s**3 + 8*s - 3*s**2 - 3*s**2 + 3 - s. Suppose 159 = 101*f + 327 + 539. Give x(f).
3
Let o(j) be the first derivative of 3*j**2/2 - 3*j + 140. Suppose 4*w = 0, 4*p + 4 = 3*p + 2*w. Give o(p).
-15
Suppose 4*m - 4 = 8. Let d = -5 + 7. Let a = m + d. Let h(x) = x**3 - 6*x**2 + 5*x - 5. Calculate h(a).
-5
Let i(a) = 35*a**2 - 52*a**2 - 7*a + 16*a**2 - 2. Suppose 0 = 4*s, -3*s + s = -2*d - 14. Determine i(d).
-2
Let r(o) = -o**3 + 14*o**2 - 22*o - 17. Suppose -10*v = 1 - 121. Determine r(v).
7
Let q(k) = 4*k + 5*k + 9*k**2 - 81 + 0*k + 85 + k + k**3. Determine q(-8).
-12
Suppose -10 = -11*o - 10. Let a(f) be the second derivative of o + 2*f - 1/6*f**3 + 2*f**2. Give a(5).
-1
Let n(x) = -45*x. Let l be n(0). Let r(b) be the second derivative of -b**6/720 + b**5/60 + b**4/12 - 2*b. Let y(s) be the third derivative of r(s). Give y(l).
2
Let q(u) = 5 + 72*u**3 - 35*u**3 - u - 36*u**3 - 6*u**2 - 3*u. Determine q(6).
-19
Let j(p) be the third derivative of -p**5/30 - 5*p**4/24 + 5*p**3/6 + 2*p**2. Calculate j(-5).
-20
Let v(x) = 3*x**2 + x - 6. Let u be v(-4). Suppose 3*f + u + 7 = 5*t, -3*t + 4*f = -38. Let q(k) = 8 - k**3 + 2*k**3 + 0*k**3 - 6*k**2 - 3*k. Determine q(t).
-10
Let w(k) = -2*k**2 + 2*k + 7. Let u(p) = -p**3 - 33*p**2 + 70*p + 3. Let q be u(-35). Calculate w(q).
-5
Let o(d) = -d**2 - 5*d + 4. Let a = -8 + 14. Suppose -a*j + j = -4*w - 34, 4*w + 14 = -5*j. Give o(w).
-2
Let n(g) = 3*g - 5. Suppose -35 = -120*q + 125*q. What is n(q)?
-26
Let n(k) be the third derivative of k**2 + 1/12*k**4 - 1/12*k**5 + 0 - 1/6*k**3 + 1/120*k**6 + 0*k. Let h = 4714 - 4710. What is n(h)?
-9
Let x(w) = w**2 + 6*w. Let s(b) = b**2 + 2*b + 1. Let h(o) = 2*s(o) - x(o). Give h(-4).
26
Let d(u) = u + 7. Suppose -222 = -67*x - 1026. What is d(x)?
-5
Let t(b) = 200*b**3 - 3*b**2 - 5 - 98*b**3 - 2*b - 101*b**3. Give t(5).
35
Let i(b) = -3*b**3 + 2*b**2 + 2*b. Let j(v) = 2*v**3 - v**2 - v. Let d be 24/(-20)*10/(-4). Let r(u) = d*i(u) + 5*j(u). Determine r(0).
0
Let i(m) = m**3 + 9*m**2 + 6*m - 8. Suppose -8*a - 1169 = -1105. Determine i(a).
8
Let a(m) = -m + 6. Suppose 22*l - 56 = 32. Determine a(l).
2
Let m = -143 - -150. Let r(c) = m - 14 - 5*c**2 + 7. Determine r(-1).
-5
Suppose -4*k - 4*g = 4, 3*k - 4*g = -19 - 12. Suppose 4*b = 16, -4*d - 2*b + 23 = 7. Let y(n) = -d*n + 3*n + 0*n + 0*n. Determine y(k).
-5
Let a(d) = 7*d + 58. Let v be -2 - -7 - (-56 - -68). What is a(v)?
9
Let k(i) be the first derivative of i**3/3 - i**2 + 2*i - 203. Determine k(1).
1
Let c(t) = -27*t + 56. Let l be c(2). Let a(v) = v**3 - 4*v**2 - 3*v + 3. What is a(l)?
-11
Let f(m) = m**3 + 2. Let k be ((-5)/(-2))/((-5)/(-30)). Let i be 2/6 - 5/k. Calculate f(i).
2
Let y(k) = 5*k**2 - 6*k + 25. Let z(m) = -9*m**2 + 11*m - 50. Let q(t) = 11*y(t) + 6*z(t). Give q(0).
-25
Let a(z) = -z**2 - 7*z - 1. Let q be a(-7). Let g(t) = 2*t**3 - 649*t**2 + 650*t**2 + t - t**3 - 1 + 1. What is g(q)?
-1
Let g(z) = -2*z**3 - 28. Let b(k) = -k**3 - 14. Let r(c) = -7*b(c) + 4*g(c). Let i be 0/2*-1 + 0. What is r(i)?
-14
Let x(p) be the first derivative of -3*p**2/2 - 2*p - 319. Determine x(5).
-17
Let l(n) = -4*n. Let u(y)